{"id":865,"date":"2019-08-06T22:04:21","date_gmt":"2019-08-06T21:04:21","guid":{"rendered":"https:\/\/boardgeneration.ch\/?post_type=ajde_events&#038;p=865"},"modified":"2019-08-09T14:52:10","modified_gmt":"2019-08-09T13:52:10","slug":"34-kaunertal-opening-2019","status":"publish","type":"ajde_events","link":"https:\/\/boardgeneration.ch\/en\/events\/34-kaunertal-opening-2019\/","title":{"rendered":"34th Kaunertal Opening 2019"},"content":{"rendered":"<p>For the 34th time the Snowpark Kaunertal invites you to open the season together with a brilliant opening weekend. During the day, a perfectly shaped Half Mile Jib Line 3.0 with new features and obstacles is already available from day 1. At the Blue Tomato Testival with up to 60 brands, everyone will find their dream equipment for the coming winter.<\/p>\n<p><img loading=\"lazy\" decoding=\"async\" data-attachment-id=\"867\" data-permalink=\"https:\/\/boardgeneration.ch\/en\/events\/34-kaunertal-opening-2019\/image_manager__maxsize_testival1\/\" data-orig-file=\"https:\/\/boardgeneration.ch\/wp-content\/uploads\/2019\/08\/image_manager__maxSize_testival1.jpg\" data-orig-size=\"2000,1334\" data-comments-opened=\"1\" data-image-meta=\"{&quot;aperture&quot;:&quot;0&quot;,&quot;credit&quot;:&quot;&quot;,&quot;camera&quot;:&quot;&quot;,&quot;caption&quot;:&quot;&quot;,&quot;created_timestamp&quot;:&quot;0&quot;,&quot;copyright&quot;:&quot;&quot;,&quot;focal_length&quot;:&quot;0&quot;,&quot;iso&quot;:&quot;0&quot;,&quot;shutter_speed&quot;:&quot;0&quot;,&quot;title&quot;:&quot;&quot;,&quot;orientation&quot;:&quot;0&quot;}\" data-image-title=\"image_manager__maxSize_testival1\" data-image-description=\"\" data-image-caption=\"\" data-medium-file=\"https:\/\/boardgeneration.ch\/wp-content\/uploads\/2019\/08\/image_manager__maxSize_testival1-300x200.jpg\" data-large-file=\"https:\/\/boardgeneration.ch\/wp-content\/uploads\/2019\/08\/image_manager__maxSize_testival1-1024x683.jpg\" class=\"alignnone size-full wp-image-867\" src=\"https:\/\/boardgeneration.ch\/wp-content\/uploads\/2019\/08\/image_manager__maxSize_testival1.jpg\" alt=\"\" width=\"2000\" height=\"1334\" srcset=\"https:\/\/boardgeneration.ch\/wp-content\/uploads\/2019\/08\/image_manager__maxSize_testival1.jpg 2000w, https:\/\/boardgeneration.ch\/wp-content\/uploads\/2019\/08\/image_manager__maxSize_testival1-300x200.jpg 300w, https:\/\/boardgeneration.ch\/wp-content\/uploads\/2019\/08\/image_manager__maxSize_testival1-768x512.jpg 768w, https:\/\/boardgeneration.ch\/wp-content\/uploads\/2019\/08\/image_manager__maxSize_testival1-1024x683.jpg 1024w, https:\/\/boardgeneration.ch\/wp-content\/uploads\/2019\/08\/image_manager__maxSize_testival1-512x342.jpg 512w\" sizes=\"auto, (max-width: 2000px) 100vw, 2000px\" \/><\/p>\n<p>As a novelty the snowpark is not at its usual place this year. From the coming season it will be relocated to the Karlesjochbahn.<br \/>\nIn the evening there will be again the After Ride <span class=\"caps\">STREETPARTY<\/span> in the middle of Feichten with live concerts, Djs, street food and movie premieres with free admission. Afterwards the party continues in the clubs and pubs at the Club Circle with the motto 3 Clubs - 15 Artists -1 Ticket until the early morning hours!<\/p>\n<p><span class=\"caps\">KTO<\/span> - certainly the best weekend to ring in the season.<\/p>","protected":false},"author":4,"featured_media":866,"menu_order":0,"comment_status":"closed","ping_status":"closed","template":"","meta":[],"tags":[],"event_type":[],"event_type_2":[],"class_list":["post-865","ajde_events","type-ajde_events","status-publish","has-post-thumbnail","hentry","event_location-kaunertal","event_organizer-snowpark-kaunertal"],"yoast_head":"<!-- This site is optimized with the Yoast SEO plugin v26.8 - https:\/\/yoast.com\/product\/yoast-seo-wordpress\/ -->\n<title>34. Kaunertal Opening 2019 - Board Generation<\/title>\n<meta name=\"robots\" content=\"index, follow, max-snippet:-1, max-image-preview:large, max-video-preview:-1\" \/>\n<link rel=\"canonical\" href=\"https:\/\/boardgeneration.ch\/en\/events\/34-kaunertal-opening-2019\/\" \/>\n<meta property=\"og:locale\" content=\"en_GB\" \/>\n<meta property=\"og:type\" content=\"article\" \/>\n<meta property=\"og:title\" content=\"34. Kaunertal Opening 2019 - Board Generation\" \/>\n<meta property=\"og:description\" content=\"Zum 34. mal ladet der Snowpark Kaunertal mit einem fulminanten Opening Wochenende ein gemeinsam die Saison zu er\u00f6ffnen. Tags\u00fcber steht bereits ab Tag 1 eine perfekt geshapte Half Mile Jib Line 3.0 mit neuen Features und Obstacles zur Verf\u00fcgung. Beim Blue Tomato Testival mit bis zu 60 Brands findet jeder sein Traum-Equipment f\u00fcr den kommenden [&hellip;]\" \/>\n<meta property=\"og:url\" content=\"https:\/\/boardgeneration.ch\/en\/events\/34-kaunertal-opening-2019\/\" \/>\n<meta property=\"og:site_name\" content=\"Board Generation\" \/>\n<meta property=\"article:publisher\" content=\"https:\/\/www.facebook.com\/boardgeneration.ch\" \/>\n<meta property=\"article:modified_time\" content=\"2019-08-09T13:52:10+00:00\" \/>\n<meta property=\"og:image\" content=\"https:\/\/boardgeneration.ch\/wp-content\/uploads\/2019\/08\/image_manager__maxSize_hmjl3.jpg\" \/>\n\t<meta property=\"og:image:width\" content=\"2000\" \/>\n\t<meta property=\"og:image:height\" content=\"1334\" \/>\n\t<meta property=\"og:image:type\" content=\"image\/jpeg\" \/>\n<meta name=\"twitter:card\" content=\"summary_large_image\" \/>\n<meta name=\"twitter:site\" content=\"@boardgen\" \/>\n<meta name=\"twitter:label1\" content=\"Estimated reading time\" \/>\n\t<meta name=\"twitter:data1\" content=\"1 minute\" \/>\n<script type=\"application\/ld+json\" class=\"yoast-schema-graph\">{\"@context\":\"https:\/\/schema.org\",\"@graph\":[{\"@type\":\"WebPage\",\"@id\":\"https:\/\/boardgeneration.ch\/fr\/events\/34-kaunertal-opening-2019\/\",\"url\":\"https:\/\/boardgeneration.ch\/fr\/events\/34-kaunertal-opening-2019\/\",\"name\":\"34. Kaunertal Opening 2019 - Board Generation\",\"isPartOf\":{\"@id\":\"https:\/\/boardgeneration.ch\/#website\"},\"primaryImageOfPage\":{\"@id\":\"https:\/\/boardgeneration.ch\/fr\/events\/34-kaunertal-opening-2019\/#primaryimage\"},\"image\":{\"@id\":\"https:\/\/boardgeneration.ch\/fr\/events\/34-kaunertal-opening-2019\/#primaryimage\"},\"thumbnailUrl\":\"https:\/\/boardgeneration.ch\/wp-content\/uploads\/2019\/08\/image_manager__maxSize_hmjl3.jpg\",\"datePublished\":\"2019-08-06T21:04:21+00:00\",\"dateModified\":\"2019-08-09T13:52:10+00:00\",\"breadcrumb\":{\"@id\":\"https:\/\/boardgeneration.ch\/fr\/events\/34-kaunertal-opening-2019\/#breadcrumb\"},\"inLanguage\":\"en-GB\",\"potentialAction\":[{\"@type\":\"ReadAction\",\"target\":[\"https:\/\/boardgeneration.ch\/fr\/events\/34-kaunertal-opening-2019\/\"]}]},{\"@type\":\"ImageObject\",\"inLanguage\":\"en-GB\",\"@id\":\"https:\/\/boardgeneration.ch\/fr\/events\/34-kaunertal-opening-2019\/#primaryimage\",\"url\":\"https:\/\/boardgeneration.ch\/wp-content\/uploads\/2019\/08\/image_manager__maxSize_hmjl3.jpg\",\"contentUrl\":\"https:\/\/boardgeneration.ch\/wp-content\/uploads\/2019\/08\/image_manager__maxSize_hmjl3.jpg\",\"width\":2000,\"height\":1334},{\"@type\":\"BreadcrumbList\",\"@id\":\"https:\/\/boardgeneration.ch\/fr\/events\/34-kaunertal-opening-2019\/#breadcrumb\",\"itemListElement\":[{\"@type\":\"ListItem\",\"position\":1,\"name\":\"Startseite\",\"item\":\"https:\/\/boardgeneration.ch\/\"},{\"@type\":\"ListItem\",\"position\":2,\"name\":\"Events\",\"item\":\"https:\/\/boardgeneration.ch\/events\/\"},{\"@type\":\"ListItem\",\"position\":3,\"name\":\"34. Kaunertal Opening 2019\"}]},{\"@type\":\"WebSite\",\"@id\":\"https:\/\/boardgeneration.ch\/#website\",\"url\":\"https:\/\/boardgeneration.ch\/\",\"name\":\"board generation\",\"description\":\"Back to the Roots\",\"publisher\":{\"@id\":\"https:\/\/boardgeneration.ch\/#organization\"},\"potentialAction\":[{\"@type\":\"SearchAction\",\"target\":{\"@type\":\"EntryPoint\",\"urlTemplate\":\"https:\/\/boardgeneration.ch\/?s={search_term_string}\"},\"query-input\":{\"@type\":\"PropertyValueSpecification\",\"valueRequired\":true,\"valueName\":\"search_term_string\"}}],\"inLanguage\":\"en-GB\"},{\"@type\":\"Organization\",\"@id\":\"https:\/\/boardgeneration.ch\/#organization\",\"name\":\"board generation\",\"url\":\"https:\/\/boardgeneration.ch\/\",\"logo\":{\"@type\":\"ImageObject\",\"inLanguage\":\"en-GB\",\"@id\":\"https:\/\/boardgeneration.ch\/#\/schema\/logo\/image\/\",\"url\":\"https:\/\/boardgeneration.ch\/wp-content\/uploads\/2019\/01\/bg-logo_mit_Text.png\",\"contentUrl\":\"https:\/\/boardgeneration.ch\/wp-content\/uploads\/2019\/01\/bg-logo_mit_Text.png\",\"width\":1040,\"height\":1155,\"caption\":\"board generation\"},\"image\":{\"@id\":\"https:\/\/boardgeneration.ch\/#\/schema\/logo\/image\/\"},\"sameAs\":[\"https:\/\/www.facebook.com\/boardgeneration.ch\",\"https:\/\/x.com\/boardgen\",\"https:\/\/www.instagram.com\/boardgen\/\"]}]}<\/script>\n<!-- \/ Yoast SEO plugin. -->","yoast_head_json":{"title":"34. Kaunertal Opening 2019 - Board Generation","robots":{"index":"index","follow":"follow","max-snippet":"max-snippet:-1","max-image-preview":"max-image-preview:large","max-video-preview":"max-video-preview:-1"},"canonical":"https:\/\/boardgeneration.ch\/en\/events\/34-kaunertal-opening-2019\/","og_locale":"en_GB","og_type":"article","og_title":"34. Kaunertal Opening 2019 - Board Generation","og_description":"Zum 34. mal ladet der Snowpark Kaunertal mit einem fulminanten Opening Wochenende ein gemeinsam die Saison zu er\u00f6ffnen. Tags\u00fcber steht bereits ab Tag 1 eine perfekt geshapte Half Mile Jib Line 3.0 mit neuen Features und Obstacles zur Verf\u00fcgung. Beim Blue Tomato Testival mit bis zu 60 Brands findet jeder sein Traum-Equipment f\u00fcr den kommenden [&hellip;]","og_url":"https:\/\/boardgeneration.ch\/en\/events\/34-kaunertal-opening-2019\/","og_site_name":"Board Generation","article_publisher":"https:\/\/www.facebook.com\/boardgeneration.ch","article_modified_time":"2019-08-09T13:52:10+00:00","og_image":[{"width":2000,"height":1334,"url":"https:\/\/boardgeneration.ch\/wp-content\/uploads\/2019\/08\/image_manager__maxSize_hmjl3.jpg","type":"image\/jpeg"}],"twitter_card":"summary_large_image","twitter_site":"@boardgen","twitter_misc":{"Estimated reading time":"1 minute"},"schema":{"@context":"https:\/\/schema.org","@graph":[{"@type":"WebPage","@id":"https:\/\/boardgeneration.ch\/fr\/events\/34-kaunertal-opening-2019\/","url":"https:\/\/boardgeneration.ch\/fr\/events\/34-kaunertal-opening-2019\/","name":"34. Kaunertal Opening 2019 - Board Generation","isPartOf":{"@id":"https:\/\/boardgeneration.ch\/#website"},"primaryImageOfPage":{"@id":"https:\/\/boardgeneration.ch\/fr\/events\/34-kaunertal-opening-2019\/#primaryimage"},"image":{"@id":"https:\/\/boardgeneration.ch\/fr\/events\/34-kaunertal-opening-2019\/#primaryimage"},"thumbnailUrl":"https:\/\/boardgeneration.ch\/wp-content\/uploads\/2019\/08\/image_manager__maxSize_hmjl3.jpg","datePublished":"2019-08-06T21:04:21+00:00","dateModified":"2019-08-09T13:52:10+00:00","breadcrumb":{"@id":"https:\/\/boardgeneration.ch\/fr\/events\/34-kaunertal-opening-2019\/#breadcrumb"},"inLanguage":"en-GB","potentialAction":[{"@type":"ReadAction","target":["https:\/\/boardgeneration.ch\/fr\/events\/34-kaunertal-opening-2019\/"]}]},{"@type":"ImageObject","inLanguage":"en-GB","@id":"https:\/\/boardgeneration.ch\/fr\/events\/34-kaunertal-opening-2019\/#primaryimage","url":"https:\/\/boardgeneration.ch\/wp-content\/uploads\/2019\/08\/image_manager__maxSize_hmjl3.jpg","contentUrl":"https:\/\/boardgeneration.ch\/wp-content\/uploads\/2019\/08\/image_manager__maxSize_hmjl3.jpg","width":2000,"height":1334},{"@type":"BreadcrumbList","@id":"https:\/\/boardgeneration.ch\/fr\/events\/34-kaunertal-opening-2019\/#breadcrumb","itemListElement":[{"@type":"ListItem","position":1,"name":"Startseite","item":"https:\/\/boardgeneration.ch\/"},{"@type":"ListItem","position":2,"name":"Events","item":"https:\/\/boardgeneration.ch\/events\/"},{"@type":"ListItem","position":3,"name":"34. Kaunertal Opening 2019"}]},{"@type":"WebSite","@id":"https:\/\/boardgeneration.ch\/#website","url":"https:\/\/boardgeneration.ch\/","name":"board generation","description":"Back to the Roots","publisher":{"@id":"https:\/\/boardgeneration.ch\/#organization"},"potentialAction":[{"@type":"SearchAction","target":{"@type":"EntryPoint","urlTemplate":"https:\/\/boardgeneration.ch\/?s={search_term_string}"},"query-input":{"@type":"PropertyValueSpecification","valueRequired":true,"valueName":"search_term_string"}}],"inLanguage":"en-GB"},{"@type":"Organization","@id":"https:\/\/boardgeneration.ch\/#organization","name":"board generation","url":"https:\/\/boardgeneration.ch\/","logo":{"@type":"ImageObject","inLanguage":"en-GB","@id":"https:\/\/boardgeneration.ch\/#\/schema\/logo\/image\/","url":"https:\/\/boardgeneration.ch\/wp-content\/uploads\/2019\/01\/bg-logo_mit_Text.png","contentUrl":"https:\/\/boardgeneration.ch\/wp-content\/uploads\/2019\/01\/bg-logo_mit_Text.png","width":1040,"height":1155,"caption":"board generation"},"image":{"@id":"https:\/\/boardgeneration.ch\/#\/schema\/logo\/image\/"},"sameAs":["https:\/\/www.facebook.com\/boardgeneration.ch","https:\/\/x.com\/boardgen","https:\/\/www.instagram.com\/boardgen\/"]}]}},"jetpack_sharing_enabled":true,"amp_enabled":true,"_links":{"self":[{"href":"https:\/\/boardgeneration.ch\/en\/wp-json\/wp\/v2\/ajde_events\/865","targetHints":{"allow":["GET"]}}],"collection":[{"href":"https:\/\/boardgeneration.ch\/en\/wp-json\/wp\/v2\/ajde_events"}],"about":[{"href":"https:\/\/boardgeneration.ch\/en\/wp-json\/wp\/v2\/types\/ajde_events"}],"author":[{"embeddable":true,"href":"https:\/\/boardgeneration.ch\/en\/wp-json\/wp\/v2\/users\/4"}],"replies":[{"embeddable":true,"href":"https:\/\/boardgeneration.ch\/en\/wp-json\/wp\/v2\/comments?post=865"}],"wp:featuredmedia":[{"embeddable":true,"href":"https:\/\/boardgeneration.ch\/en\/wp-json\/wp\/v2\/media\/866"}],"wp:attachment":[{"href":"https:\/\/boardgeneration.ch\/en\/wp-json\/wp\/v2\/media?parent=865"}],"wp:term":[{"taxonomy":"post_tag","embeddable":true,"href":"https:\/\/boardgeneration.ch\/en\/wp-json\/wp\/v2\/tags?post=865"},{"taxonomy":"event_type","embeddable":true,"href":"https:\/\/boardgeneration.ch\/en\/wp-json\/wp\/v2\/event_type?post=865"},{"taxonomy":"event_type_2","embeddable":true,"href":"https:\/\/boardgeneration.ch\/en\/wp-json\/wp\/v2\/event_type_2?post=865"}],"curies":[{"name":"wp","href":"https:\/\/api.w.org\/{rel}","templated":true}]}}

<!-- This site is optimized with the Yoast SEO plugin v26.8 - https://yoast.com/product/yoast-seo-wordpress/ -->
<title>34. Kaunertal Opening 2019 - Board Generation</title>
<meta name="robots" content="index, follow, max-snippet:-1, max-image-preview:large, max-video-preview:-1" />
<link rel="canonical" href="https://boardgeneration.ch/en/events/34-kaunertal-opening-2019/" />
<meta property="og:locale" content="en_GB" />
<meta property="og:type" content="article" />
<meta property="og:title" content="34. Kaunertal Opening 2019 - Board Generation" />
<meta property="og:description" content="Zum 34. mal ladet der Snowpark Kaunertal mit einem fulminanten Opening Wochenende ein gemeinsam die Saison zu eröffnen. Tagsüber steht bereits ab Tag 1 eine perfekt geshapte Half Mile Jib Line 3.0 mit neuen Features und Obstacles zur Verfügung. Beim Blue Tomato Testival mit bis zu 60 Brands findet jeder sein Traum-Equipment für den kommenden [&hellip;]" />
<meta property="og:url" content="https://boardgeneration.ch/en/events/34-kaunertal-opening-2019/" />
<meta property="og:site_name" content="Board Generation" />
<meta property="article:publisher" content="https://www.facebook.com/boardgeneration.ch" />
<meta property="article:modified_time" content="2019-08-09T13:52:10+00:00" />
<meta property="og:image" content="https://boardgeneration.ch/wp-content/uploads/2019/08/image_manager__maxSize_hmjl3.jpg" />
	<meta property="og:image:width" content="2000" />
	<meta property="og:image:height" content="1334" />
	<meta property="og:image:type" content="image/jpeg" />
<meta name="twitter:card" content="summary_large_image" />
<meta name="twitter:site" content="@boardgen" />
<meta name="twitter:label1" content="Estimated reading time" />
	<meta name="twitter:data1" content="1 minute" />
<script type="application/ld+json" class="yoast-schema-graph">{"@context":"https://schema.org","@graph":[{"@type":"WebPage","@id":"https://boardgeneration.ch/fr/events/34-kaunertal-opening-2019/","url":"https://boardgeneration.ch/fr/events/34-kaunertal-opening-2019/","name":"34. Kaunertal Opening 2019 - Board Generation","isPartOf":{"@id":"https://boardgeneration.ch/#website"},"primaryImageOfPage":{"@id":"https://boardgeneration.ch/fr/events/34-kaunertal-opening-2019/#primaryimage"},"image":{"@id":"https://boardgeneration.ch/fr/events/34-kaunertal-opening-2019/#primaryimage"},"thumbnailUrl":"https://boardgeneration.ch/wp-content/uploads/2019/08/image_manager__maxSize_hmjl3.jpg","datePublished":"2019-08-06T21:04:21+00:00","dateModified":"2019-08-09T13:52:10+00:00","breadcrumb":{"@id":"https://boardgeneration.ch/fr/events/34-kaunertal-opening-2019/#breadcrumb"},"inLanguage":"en-GB","potentialAction":[{"@type":"ReadAction","target":["https://boardgeneration.ch/fr/events/34-kaunertal-opening-2019/"]}]},{"@type":"ImageObject","inLanguage":"en-GB","@id":"https://boardgeneration.ch/fr/events/34-kaunertal-opening-2019/#primaryimage","url":"https://boardgeneration.ch/wp-content/uploads/2019/08/image_manager__maxSize_hmjl3.jpg","contentUrl":"https://boardgeneration.ch/wp-content/uploads/2019/08/image_manager__maxSize_hmjl3.jpg","width":2000,"height":1334},{"@type":"BreadcrumbList","@id":"https://boardgeneration.ch/fr/events/34-kaunertal-opening-2019/#breadcrumb","itemListElement":[{"@type":"ListItem","position":1,"name":"Startseite","item":"https://boardgeneration.ch/"},{"@type":"ListItem","position":2,"name":"Events","item":"https://boardgeneration.ch/events/"},{"@type":"ListItem","position":3,"name":"34. Kaunertal Opening 2019"}]},{"@type":"WebSite","@id":"https://boardgeneration.ch/#website","url":"https://boardgeneration.ch/","name":"board generation","description":"Back to the Roots","publisher":{"@id":"https://boardgeneration.ch/#organization"},"potentialAction":[{"@type":"SearchAction","target":{"@type":"EntryPoint","urlTemplate":"https://boardgeneration.ch/?s={search_term_string}"},"query-input":{"@type":"PropertyValueSpecification","valueRequired":true,"valueName":"search_term_string"}}],"inLanguage":"en-GB"},{"@type":"Organization","@id":"https://boardgeneration.ch/#organization","name":"board generation","url":"https://boardgeneration.ch/","logo":{"@type":"ImageObject","inLanguage":"en-GB","@id":"https://boardgeneration.ch/#/schema/logo/image/","url":"https://boardgeneration.ch/wp-content/uploads/2019/01/bg-logo_mit_Text.png","contentUrl":"https://boardgeneration.ch/wp-content/uploads/2019/01/bg-logo_mit_Text.png","width":1040,"height":1155,"caption":"board generation"},"image":{"@id":"https://boardgeneration.ch/#/schema/logo/image/"},"sameAs":["https://www.facebook.com/boardgeneration.ch","https://x.com/boardgen","https://www.instagram.com/boardgen/"]}]}</script>
<!-- / Yoast SEO plugin. -->

Zum 34. mal ladet der Snowpark Kaunertal mit einem fulminanten Opening Wochenende ein gemeinsam die Saison zu eröffnen. Tagsüber steht bereits ab Tag 1 eine perfekt geshapte Half Mile Jib Line 3.0 mit neuen Features und Obstacles zur Verfügung. Beim Blue Tomato Testival mit bis zu 60 Brands findet jeder sein Traum-Equipment für den kommenden [&hellip;]
